{"id":40,"date":"2021-10-06T14:58:52","date_gmt":"2021-10-06T12:58:52","guid":{"rendered":"http:\/\/localhost\/kaufhaus-goerlitz.eu\/pl\/?page_id=40"},"modified":"2024-01-05T09:33:30","modified_gmt":"2024-01-05T08:33:30","slug":"o-domu-handlowym","status":"publish","type":"page","link":"https:\/\/kaufhaus-goerlitz.eu\/pl\/o-domu-handlowym\/","title":{"rendered":"O domu handlowym"},"content":{"rendered":"\n<p><strong>Dom handlowy \u0141u\u017cyc G\u00f3rnych \u2013 Kaufhaus G\u00f6rlitz<\/strong><\/p>\n\n\n\n<p class=\"has-text-align-left\">Kr\u00f3tko przed wybuchem I Wojny \u015awiatowej w samym sercu G\u00f6rlitz powsta\u0142 dom towarowy. Nale\u017ca\u0142 on w\u00f3wczas do najokazalszych tego<\/p>\n\n\n\n<div class=\"wp-block-image\"><figure class=\"alignright size-full\"><img loading=\"lazy\" decoding=\"async\" width=\"250\" height=\"250\" src=\"https:\/\/kaufhaus-goerlitz.eu\/pl\/wp-content\/uploads\/sites\/5\/2022\/11\/csm_kaufhaus-goerlitz-innen_06_1d2d781b36.jpg\" alt=\"\" class=\"wp-image-211\" srcset=\"https:\/\/kaufhaus-goerlitz.eu\/pl\/wp-content\/uploads\/sites\/5\/2022\/11\/csm_kaufhaus-goerlitz-innen_06_1d2d781b36.jpg 250w, https:\/\/kaufhaus-goerlitz.eu\/pl\/wp-content\/uploads\/sites\/5\/2022\/11\/csm_kaufhaus-goerlitz-innen_06_1d2d781b36-150x150.jpg 150w\" sizes=\"auto, (max-width: 250px) 100vw, 250px\" \/><\/figure><\/div>\n\n\n\n<p class=\"has-text-align-left\"> typu budowli w ca\u0142ych Niemczech. Budynek wybudowany jest w stylu secesyjnym, jego architektura kryje w sobie czar wydarze\u0144 z przesz\u0142o\u015bci. Ci\u0119\u017cko w to uwierzy\u0107, ale ten okaza\u0142y klejnot, sta\u0142 pusty przez ostatnie pi\u0119\u0107 lat. Ale wkr\u00f3tce mieszka\u0144cy G\u00f6rlitz, Zgorzelca i okolic zn\u00f3w b\u0119d\u0105 mogli si\u0119 cieszy\u0107 z mo\u017ciwo\u015bci robienia zakup\u00f3w w tym wyj\u0105tkowym miejscu. W uroczysto\u015b\u0107 setnej rocznicy otwarcia tego obiektu- w roku 2013- przyby\u0142o tu ponad dwadzie\u015bcia tysi\u0119cy go\u015bci, kt\u00f3rzy z zachwytem podziwiali ten wspania\u0142y gmach.&nbsp;<a href=\"https:\/\/www.kaufhaus-goerlitz.eu\/index.php?id=3007&amp;L=5\">Wi\u0119cej &gt;&gt;<\/a><\/p>\n\n\n\n<p>Do kogo nale\u017cy ten imponuj\u0105cy budynek i co ma tam powsta\u0107?<br>Przedsi\u0119biorca Prof. h.c. (RCH) Dr. med. Winfried St\u00f6cker jest za\u0142o\u017cycielem oraz prezesem \u00a0Zarz\u0105du Euroimmun Medycznej Diagnostyki Laboratoryjnej AG, mi\u0119dzynarodowego przedsi\u0119biorstwa w bran\u017cy\u00a0 techniki medycznej. W Niemczech istnieje pi\u0119\u0107 plac\u00f3wek, z tego dwie w pobli\u017cu G\u00f6rlitz, na terenie \u0141u\u017cyc G\u00f3rnych.<\/p>\n\n\n\n<p>Co si\u0119 kryje za koncepcj\u0105 domu handlowego G\u00f6rlitz?<br>Wysoka jako\u015b\u0107 i dobre oraz w przyst\u0119pnej cenie towary, produkty regionalne, a tak\u017ce &nbsp;satysfakcja klient\u00f3w s\u0105 podstaw\u0105 filozofii tego przedsi\u0119wzi\u0119cia. Nasi klienci i go\u015bcie maj\u0105 u nas nie tylko znale\u017a\u0107 odpowiedni dla siebie asortyment towar\u00f3w, ale r\u00f3wnie\u017c czu\u0107 si\u0119 dobrze na naszych 7000 metrach kwadratowych, a tak\u017ce korzysta\u0107 z oferowanych imprez rozrywkowych. Ciekawe zestawienie z\u0142o\u017cone z&nbsp; shoppingu, gastronomii i rozrywki zachwyc\u0105 wszystkich zwiedzaj\u0105cych. Dodatkowych atrakcji dostarcz\u0105 cz\u0119ste imprezy w imponuj\u0105cym atrium (pokazy mody, koncerty, ta\u0144ce, wieczory autorskie).<\/p>\n\n\n\n<p>Shop-in-Shop lub pojedy\u0144cze ma\u0142e sklepy\u2013 o co tu chodzi?<br>Shop-in-Shop jest sieci\u0105 sklep\u00f3w pojedynczych ze wsp\u00f3lnym systemem kasowym. Aktualnie opracowujemy logistyk\u0119 tego rozwi\u0105zania. Na najni\u017cszej kondygnacji powstanie &nbsp;dzia\u0142 artyku\u0142\u00f3w spo\u017cywczych, na parterze perfumeria, galanteria oraz stoisko z produktami regionalnymi. Na pierwszym i drugim pi\u0119trze odzie\u017c damska i m\u0119ska. Wspania\u0142a gastronomia, designer, rarytasy, \u201e\u015bwiat m\u0119ski\u201c oraz \u201e\u015bwiat dziecka\u201c pe\u0142en odzie\u017cy i zabawek ulokuj\u0105 si\u0119 na &nbsp;trzecim pi\u0119trze. Na czwartym powstanie restauracja z tarasem widokowym, z kt\u00f3rego, przy \u0142adnej pogodzie b\u0119dzie mo\u017cna podziwia\u0107 wspania\u0142\u0105 panoram\u0119 G\u00f3r Izerskich.<\/p>\n\n\n\n<p>Na kiedy planowane jest otwarcie domu handlowego G\u00f6rlitz?<br>Zak\u0142adamy, \u017ce otrzymamy zlecenie na realizacje teo projektu w 2019 roku.<\/p>\n\n\n\n<p>Czy ten obiekt nadal mo\u017ce by\u0107 odpowiednim miejscem dla produkcji film\u00f3w?<br>Zdecydowanie tak. Otrzymujemy wiele zapyta\u0144 ze strony niemieckich i mi\u0119dzynarodowych producent\u00f3w filmowych. Na przyk\u0142ad w czerwcu w 2014 roku by\u0142y kr\u0119cone sceny do &#8222;K\u00e4the Kruse&#8220;, jak te\u017c do filmu inauguracyjnego \u201eBerlinale 2014\u201d pt. \u201eThe Grand Budapest Hotel\u201c. Na wiosn\u0119 tego samego roku prowadzono tu prace reklamowe do &nbsp;Fashion-Portal \u201eDepartment 47\u201c.<\/p>\n\n\n\n<p>Czy te fantastyczne \u017cyrandole w holu s\u0105 &nbsp;oryginalne?<br>Niestety nie, autentyczne egzemplarze zosta\u0142y usuni\u0119te w czasach NRD . Obecnie znajduj\u0105cy si\u0119 w hallu &nbsp;\u017cyrandol zosta\u0142 wyprodukowany w roku 1991 na wz\u00f3r orygina\u0142u.<\/p>\n\n\n\n<p>Czy szklany dach jest oryginalny?<br>Ta cudownie pomalowana, pe\u0142na element\u00f3w secesyjnych kopu\u0142a szklana rozpo\u015bcieraj\u0105ca si\u0119 nad trzypi\u0119trowym holem zosta\u0142a odrestaurowana w latach osiemdziesi\u0105tych.&nbsp; U\u017cyto specjalnej techniki &nbsp;witra\u017cowej w kt\u00f3rej farba przy temperaturze 600\u00b0C by\u0142a wypalana na szkle, co da\u0142o efekt grafiki.<\/p>\n\n\n\n<p>Czy w tym budynku zostan\u0105 wbudowane ruchome schody?<br>Aktualnie jest spawdzane, w kt\u00f3rym miejscu i jak zachowa\u0107 autentyczn\u0105 optyk\u0119 przy wbudowaniu takich rozwi\u0105za\u0144 , jak windy i schody ruchome dla os\u00f3b, kt\u00f3rym poruszanie si\u0119 sprawia trudno\u015b\u0107.<\/p>\n","protected":false},"excerpt":{"rendered":"<p>Dom handlowy \u0141u\u017cyc G\u00f3rnych \u2013 Kaufhaus G\u00f6rlitz Kr\u00f3tko przed wybuchem I Wojny \u015awiatowej w samym sercu G\u00f6rlitz powsta\u0142 dom towarowy. Nale\u017ca\u0142 on w\u00f3wczas do najokazalszych tego typu budowli w ca\u0142ych Niemczech. Budynek wybudowany jest w stylu secesyjnym, jego architektura kryje w sobie czar wydarze\u0144 z przesz\u0142o\u015bci. Ci\u0119\u017cko w to uwierzy\u0107, ale ten okaza\u0142y klejnot, sta\u0142 [&hellip;]<\/p>\n","protected":false},"author":5,"featured_media":0,"parent":0,"menu_order":0,"comment_status":"closed","ping_status":"closed","template":"","meta":{"ocean_post_layout":"right-sidebar","ocean_both_sidebars_style":"","ocean_both_sidebars_content_width":0,"ocean_both_sidebars_sidebars_width":0,"ocean_sidebar":"sidebar","ocean_second_sidebar":"0","ocean_disable_margins":"enable","ocean_add_body_class":"","ocean_shortcode_before_top_bar":"","ocean_shortcode_after_top_bar":"","ocean_shortcode_before_header":"","ocean_shortcode_after_header":"","ocean_has_shortcode":"","ocean_shortcode_after_title":"","ocean_shortcode_before_footer_widgets":"","ocean_shortcode_after_footer_widgets":"","ocean_shortcode_before_footer_bottom":"","ocean_shortcode_after_footer_bottom":"","ocean_display_top_bar":"default","ocean_display_header":"default","ocean_header_style":"","ocean_center_header_left_menu":"0","ocean_custom_header_template":"0","ocean_custom_logo":0,"ocean_custom_retina_logo":0,"ocean_custom_logo_max_width":0,"ocean_custom_logo_tablet_max_width":0,"ocean_custom_logo_mobile_max_width":0,"ocean_custom_logo_max_height":0,"ocean_custom_logo_tablet_max_height":0,"ocean_custom_logo_mobile_max_height":0,"ocean_header_custom_menu":"0","ocean_menu_typo_font_family":"0","ocean_menu_typo_font_subset":"","ocean_menu_typo_font_size":0,"ocean_menu_typo_font_size_tablet":0,"ocean_menu_typo_font_size_mobile":0,"ocean_menu_typo_font_size_unit":"px","ocean_menu_typo_font_weight":"","ocean_menu_typo_font_weight_tablet":"","ocean_menu_typo_font_weight_mobile":"","ocean_menu_typo_transform":"","ocean_menu_typo_transform_tablet":"","ocean_menu_typo_transform_mobile":"","ocean_menu_typo_line_height":0,"ocean_menu_typo_line_height_tablet":0,"ocean_menu_typo_line_height_mobile":0,"ocean_menu_typo_line_height_unit":"","ocean_menu_typo_spacing":0,"ocean_menu_typo_spacing_tablet":0,"ocean_menu_typo_spacing_mobile":0,"ocean_menu_typo_spacing_unit":"","ocean_menu_link_color":"","ocean_menu_link_color_hover":"","ocean_menu_link_color_active":"","ocean_menu_link_background":"","ocean_menu_link_hover_background":"","ocean_menu_link_active_background":"","ocean_menu_social_links_bg":"","ocean_menu_social_hover_links_bg":"","ocean_menu_social_links_color":"","ocean_menu_social_hover_links_color":"","ocean_disable_title":"default","ocean_disable_heading":"default","ocean_post_title":"","ocean_post_subheading":"","ocean_post_title_style":"","ocean_post_title_background_color":"","ocean_post_title_background":0,"ocean_post_title_bg_image_position":"","ocean_post_title_bg_image_attachment":"","ocean_post_title_bg_image_repeat":"","ocean_post_title_bg_image_size":"","ocean_post_title_height":0,"ocean_post_title_bg_overlay":0.5,"ocean_post_title_bg_overlay_color":"","ocean_disable_breadcrumbs":"default","ocean_breadcrumbs_color":"","ocean_breadcrumbs_separator_color":"","ocean_breadcrumbs_links_color":"","ocean_breadcrumbs_links_hover_color":"","ocean_display_footer_widgets":"default","ocean_display_footer_bottom":"default","ocean_custom_footer_template":"0","footnotes":""},"class_list":["post-40","page","type-page","status-publish","hentry","entry"],"_links":{"self":[{"href":"https:\/\/kaufhaus-goerlitz.eu\/pl\/wp-json\/wp\/v2\/pages\/40","targetHints":{"allow":["GET"]}}],"collection":[{"href":"https:\/\/kaufhaus-goerlitz.eu\/pl\/wp-json\/wp\/v2\/pages"}],"about":[{"href":"https:\/\/kaufhaus-goerlitz.eu\/pl\/wp-json\/wp\/v2\/types\/page"}],"author":[{"embeddable":true,"href":"https:\/\/kaufhaus-goerlitz.eu\/pl\/wp-json\/wp\/v2\/users\/5"}],"replies":[{"embeddable":true,"href":"https:\/\/kaufhaus-goerlitz.eu\/pl\/wp-json\/wp\/v2\/comments?post=40"}],"version-history":[{"count":9,"href":"https:\/\/kaufhaus-goerlitz.eu\/pl\/wp-json\/wp\/v2\/pages\/40\/revisions"}],"predecessor-version":[{"id":221,"href":"https:\/\/kaufhaus-goerlitz.eu\/pl\/wp-json\/wp\/v2\/pages\/40\/revisions\/221"}],"wp:attachment":[{"href":"https:\/\/kaufhaus-goerlitz.eu\/pl\/wp-json\/wp\/v2\/media?parent=40"}],"curies":[{"name":"wp","href":"https:\/\/api.w.org\/{rel}","templated":true}]}}

<p><strong>Dom handlowy Łużyc Górnych – Kaufhaus Görlitz</strong></p>



<p class="has-text-align-left">Krótko przed wybuchem I Wojny Światowej w samym sercu Görlitz powstał dom towarowy. Należał on wówczas do najokazalszych tego</p>



<div class="wp-block-image"><figure class="alignright size-full"><img loading="lazy" decoding="async" width="250" height="250" src="https://kaufhaus-goerlitz.eu/pl/wp-content/uploads/sites/5/2022/11/csm_kaufhaus-goerlitz-innen_06_1d2d781b36.jpg" alt="" class="wp-image-211" srcset="https://kaufhaus-goerlitz.eu/pl/wp-content/uploads/sites/5/2022/11/csm_kaufhaus-goerlitz-innen_06_1d2d781b36.jpg 250w, https://kaufhaus-goerlitz.eu/pl/wp-content/uploads/sites/5/2022/11/csm_kaufhaus-goerlitz-innen_06_1d2d781b36-150x150.jpg 150w" sizes="auto, (max-width: 250px) 100vw, 250px" /></figure></div>



<p class="has-text-align-left"> typu budowli w całych Niemczech. Budynek wybudowany jest w stylu secesyjnym, jego architektura kryje w sobie czar wydarzeń z przeszłości. Ciężko w to uwierzyć, ale ten okazały klejnot, stał pusty przez ostatnie pięć lat. Ale wkrótce mieszkańcy Görlitz, Zgorzelca i okolic znów będą mogli się cieszyć z możiwości robienia zakupów w tym wyjątkowym miejscu. W uroczystość setnej rocznicy otwarcia tego obiektu- w roku 2013- przybyło tu ponad dwadzieścia tysięcy gości, którzy z zachwytem podziwiali ten wspaniały gmach.&nbsp;<a href="https://www.kaufhaus-goerlitz.eu/index.php?id=3007&amp;L=5">Więcej &gt;&gt;</a></p>



<p>Do kogo należy ten imponujący budynek i co ma tam powstać?<br>Przedsiębiorca Prof. h.c. (RCH) Dr. med. Winfried Stöcker jest założycielem oraz prezesem  Zarządu Euroimmun Medycznej Diagnostyki Laboratoryjnej AG, międzynarodowego przedsiębiorstwa w branży  techniki medycznej. W Niemczech istnieje pięć placówek, z tego dwie w pobliżu Görlitz, na terenie Łużyc Górnych.</p>



<p>Co się kryje za koncepcją domu handlowego Görlitz?<br>Wysoka jakość i dobre oraz w przystępnej cenie towary, produkty regionalne, a także &nbsp;satysfakcja klientów są podstawą filozofii tego przedsięwzięcia. Nasi klienci i goście mają u nas nie tylko znaleźć odpowiedni dla siebie asortyment towarów, ale również czuć się dobrze na naszych 7000 metrach kwadratowych, a także korzystać z oferowanych imprez rozrywkowych. Ciekawe zestawienie złożone z&nbsp; shoppingu, gastronomii i rozrywki zachwycą wszystkich zwiedzających. Dodatkowych atrakcji dostarczą częste imprezy w imponującym atrium (pokazy mody, koncerty, tańce, wieczory autorskie).</p>



<p>Shop-in-Shop lub pojedyńcze małe sklepy– o co tu chodzi?<br>Shop-in-Shop jest siecią sklepów pojedynczych ze wspólnym systemem kasowym. Aktualnie opracowujemy logistykę tego rozwiązania. Na najniższej kondygnacji powstanie &nbsp;dział artykułów spożywczych, na parterze perfumeria, galanteria oraz stoisko z produktami regionalnymi. Na pierwszym i drugim piętrze odzież damska i męska. Wspaniała gastronomia, designer, rarytasy, „świat męski“ oraz „świat dziecka“ pełen odzieży i zabawek ulokują się na &nbsp;trzecim piętrze. Na czwartym powstanie restauracja z tarasem widokowym, z którego, przy ładnej pogodzie będzie można podziwiać wspaniałą panoramę Gór Izerskich.</p>



<p>Na kiedy planowane jest otwarcie domu handlowego Görlitz?<br>Zakładamy, że otrzymamy zlecenie na realizacje teo projektu w 2019 roku.</p>



<p>Czy ten obiekt nadal może być odpowiednim miejscem dla produkcji filmów?<br>Zdecydowanie tak. Otrzymujemy wiele zapytań ze strony niemieckich i międzynarodowych producentów filmowych. Na przykład w czerwcu w 2014 roku były kręcone sceny do &#8222;Käthe Kruse&#8220;, jak też do filmu inauguracyjnego „Berlinale 2014” pt. „The Grand Budapest Hotel“. Na wiosnę tego samego roku prowadzono tu prace reklamowe do &nbsp;Fashion-Portal „Department 47“.</p>



<p>Czy te fantastyczne żyrandole w holu są &nbsp;oryginalne?<br>Niestety nie, autentyczne egzemplarze zostały usunięte w czasach NRD . Obecnie znajdujący się w hallu &nbsp;żyrandol został wyprodukowany w roku 1991 na wzór oryginału.</p>



<p>Czy szklany dach jest oryginalny?<br>Ta cudownie pomalowana, pełna elementów secesyjnych kopuła szklana rozpościerająca się nad trzypiętrowym holem została odrestaurowana w latach osiemdziesiątych.&nbsp; Użyto specjalnej techniki &nbsp;witrażowej w której farba przy temperaturze 600°C była wypalana na szkle, co dało efekt grafiki.</p>



<p>Czy w tym budynku zostaną wbudowane ruchome schody?<br>Aktualnie jest spawdzane, w którym miejscu i jak zachować autentyczną optykę przy wbudowaniu takich rozwiązań , jak windy i schody ruchome dla osób, którym poruszanie się sprawia trudność.</p>

<p>Dom handlowy Łużyc Górnych – Kaufhaus Görlitz Krótko przed wybuchem I Wojny Światowej w samym sercu Görlitz powstał dom towarowy. Należał on wówczas do najokazalszych tego typu budowli w całych Niemczech. Budynek wybudowany jest w stylu secesyjnym, jego architektura kryje w sobie czar wydarzeń z przeszłości. Ciężko w to uwierzyć, ale ten okazały klejnot, stał [&hellip;]</p>
